factor of w and 4.
4
Let f(w) = -w**2 - 10*w + 65. Let l be f(-14). Calculate the highest common factor of l and 3.
3
Let b(t) = t**3 - 6*t**2 + 13*t - 3. Let y be b(6). Calculate the highest common divisor of 30 and y.
15
Let z = 8 - 8. Suppose -5*k = 4*d - 21, 2*k - d - d + 6 = z. Let s(c) = c**2 + 4*c + 4. Let t be s(-5). What is the highest common factor of k and t?
1
Suppose 24*u - 24 = 16*u. Suppose 30 = 2*p - 5*t, -5*p - 3*t = 22 - 97. What is the greatest common factor of p and u?
3
Let l = -12 + 14. Let x(w) = 9*w**2 - 3*w + 2. Let t be x(l). Calculate the highest common factor of 4 and t.
4
Suppose -2*v = -5*u + 2 - 7, 2 = -2*u - 3*v. Let p = u - -6. Let r be (16/10)/(1/p). Calculate the greatest common factor of 12 and r.
4
Let b(g) = 5*g. Let s(q) = -11*q. Let r(u) = 13*b(u) + 6*s(u). Let a be r(5). Let d be (-22)/a + (-6)/15. Calculate the highest common divisor of 1 and d.
1
Suppose 0 = z + 5*c + 21, -1 = -4*z + 4*c - 7*c. Suppose 0 = -z*b + 6 + 50. Suppose -b = -3*q + q. What is the greatest common factor of q and 7?
7
Let b(p) = p**2 - 8*p + 12. Let c be b(8). Suppose h - r - 15 = -6*r, -h = r - 27. What is the greatest common factor of c and h?
6
Suppose q - 53 - 24 = 3*z, -61 = -q - z. Let d = 56 - 30. Calculate the highest common factor of d and q.
13
Let i be 1444/24 + (-2)/12. Let x(c) = -c**3 + 5*c**2 + 6*c - 6. Let b be x(5). What is the greatest common factor of i and b?
12
Suppose -5*l = -l. Suppose -5*r - y = 365, -4*r = -l*y + 4*y + 292. Let q = -38 - r. Calculate the highest common factor of 5 and q.
5
Let s = -105 - -111. Calculate the greatest common divisor of s and 72.
6
Let g = 59 - -61. Calculate the highest common factor of g and 24.
24
Suppose 2*s + 6 = 5*s, -p + 5 = s. Suppose -5*a + 110 = p*l + 2*l, 0 = -2*l + a + 38. Let t = l - 10. Calculate the greatest common divisor of t and 50.
10
Let p(h) = -h**2 - 7*h - 6. Let k be p(-5). Suppose -5*b + 20 = k*j, -3*j = 4*b - 2*j - 27. What is the greatest common divisor of b and 72?
8
Suppose -184 = -4*x - 4*b, 5*x = 3*b + 283 - 37. Calculate the greatest common divisor of 12 and x.
12
Suppose 5*k = h - 12, -3*h + 4*k + 3 = -11. Let x be 1/(h + (-17)/8). Let c = x - -18. What is the greatest common divisor of 10 and c?
10
Let j = 26 + -11. Let z(s) = s**3 + 8*s**2 - 8*s + 15. Let n be z(-9). What is the highest common factor of n and j?
3
Suppose -3*w = -92 - 268. What is the greatest common factor of 24 and w?
24
Let g = -27 + 28. Calculate the greatest common divisor of 4 and g.
1
Let o(k) = -33*k**3 - 3*k**2 - 4*k - 2. Let z be o(-1). What is the highest common divisor of z and 32?
32
Suppose 2*b + 2*b = 12. Suppose 3*x - b = 6*x. Let a be 14/4 + x/(-2). Calculate the greatest common factor of a and 4.
4
Let i be 85/(-2)*8/(-10). What is the highest common divisor of 34 and i?
34
Suppose -2*y - 3*y + 865 = 0. Suppose y + 72 = 5*p. Calculate the greatest common factor of 7 and p.
7
Let j(n) = -n**2 - 12*n + 3. Let v be j(-11). Let x be 30/7*v/3. Let q = -255 - -395. What is the highest common factor of q and x?
20
Let c(w) = -4*w + 4. Let u be c(-8). What is the highest common factor of u and 54?
18
Suppose -5*x - 60 = -7*x - 4*d, -x + 3*d + 5 = 0. Calculate the greatest common divisor of 10 and x.
10
Suppose 5*s + 4*k - 324 = 572, -4*k = 2*s - 356. Let o(j) = 2*j**2 + 20. Let b be o(0). What is the greatest common factor of b and s?
20
Suppose 0*c - c = -5. Let d(m) = -13*m - 6. Let g be d(-2). Suppose 0 = -k + 5*a - g, 5*k + a - 45 = -3*a. Calculate the greatest common factor of c and k.
5
Let a(l) = 2*l**2 + 6*l - 3. Let c be a(-5). Suppose 3*v + 167 - c = 0. Let q = -35 - v. Calculate the highest common divisor of q and 15.
15
Suppose 2*k - 12 = 60. What is the highest common factor of 24 and k?
12
Suppose -5*p = 3*j - 8*j - 145, 3*p - 4*j - 82 = 0. Let y be p*(-1)/(-2) + 1. What is the highest common factor of 18 and y?
18
Suppose -t + 2*r + 0*r + 1 = 0, 2*t = -2*r + 2. Calculate the greatest common divisor of t and 7.
1
Suppose -b = -6*b - 50. Let i = 18 + b. What is the greatest common divisor of i and 24?
8
Suppose -2*r + r + 2 = 0. Let o be -2*2/(-4)*r. Let l be (-2 - -5)/(21/14). Calculate the highest common divisor of o and l.
2
Suppose 3*n - 23 = 4. Let y = -3 + n. Calculate the highest common factor of 18 and y.
6
Let s(m) = -7*m - 3*m + 0*m - 6 - 8*m. Let q be s(-4). What is the highest common factor of 6 and q?
6
Let j(w) = -13*w + 7. Let z be j(-13). Calculate the greatest common factor of z and 16.
16
Let p be (-126)/(-2)*(-6)/(-9). Calculate the highest common divisor of 28 and p.
14
Let y = -19 - -21. Let f be -2 - (60/(-2))/y. What is the highest common divisor of 13 and f?
13
Suppose l + 8 = 13. Suppose 4*a + 49 = 5*o - 0*a, -4*o + 32 = -l*a. What is the highest common factor of o and 52?
13
Let w(l) = -l - 14. Let g be w(-16). What is the highest common divisor of 14 and g?
2
Let c(p) = p**3 + 18*p**2 + 30*p. Let k be c(-16). What is the highest common divisor of k and 80?
16
Suppose l - 124 = j - 4*j, -3*j - 2*l + 128 = 0. Calculate the highest common divisor of 60 and j.
20
Let a(l) = 4*l + 2 + 4*l**2 + 2*l**3 + l - 3*l**3. Let w = 9 - 4. Let j be a(w). Calculate the greatest common divisor of 2 and j.
2
Suppose 3*w = -w + 60. Let d be (-24)/w*50/(-2). What is the highest common factor of d and 16?
8
Let m be 5/2 - (-1)/(-4)*-2. Suppose 3*t - 6 = 2*t. What is the greatest common factor of t and m?
3
Suppose 0 = -3*z + 2*n - 21, 4*z - 2*n - 3*n = -35. Let c(d) = d**2 + d. Let m be c(z). Calculate the highest common divisor of m and 50.
10
Let h = 20 - -1. Calculate the greatest common factor of h and 231.
21
Let z(l) = -9*l - 8. Let s be z(-7). Let b = s + -31. Let t be (-2)/((-2)/7) - 1. Calculate the highest common divisor of t and b.
6
Suppose q + 3*l - 15 = -4*q, -20 = -4*l. Let p be 1 + 2 + -2 + q. Calculate the highest common factor of 1 and p.
1
Suppose 0 = -3*d + 4*d - 4*g + 13, -4*d - 5*g = -32. Let z = 7 + d. Calculate the highest common divisor of 4 and z.
2
Let s be 31 + (4 - (2 + 0)). Let l = 38 - 27. What is the highest common factor of l and s?
11
Let d = -36 - -49. Let c be 526/10 + 2/5. Suppose -3*r + 4*r = 2*a - c, -3*r = 4*a - 101. What is the highest common divisor of a and d?
13
Let j be (4 + -1 + 8)*1. Calculate the greatest common divisor of j and 121.
11
Suppose -5*b + 97 = -8. Suppose -5*v + 100 + 5 = 0. What is the highest common factor of v and b?
21
Let u be (48/8)/((-2)/(-19)). Calculate the highest common factor of u and 19.
19
Suppose 0*l - 24 = -2*l. Let g be ((-96)/(-20) - 4)/(6/45). Calculate the greatest common divisor of l and g.
6
Suppose 3*d + 98 = -3*j + 4*j, 3*d = -3*j + 342. Suppose 4*a - 1 = 11. Let q be (a - 0) + 0 + 7. What is the greatest common divisor of q and j?
10
Let r = 158 + -6. Let s(w) = 14*w - 1. Let t be s(1). Let p(q) = q**3 - 13*q**2 + q + 6. Let h be p(t). Calculate the highest common factor of h and r.
19
Let s = 263 - 258. Suppose -2*g - 4*v + 86 = 0, 4*v = -3*g + 50 + 81. Calculate the highest common factor of s and g.
5
Suppose -4*y = -3*y. Suppose -8 = -y*h - h. Let v be 4/(-1) + -2 + 14. What is the highest common divisor of h and v?
8
Let g(x) = -x**2 - 5*x + 6. Let k be g(-6). Suppose k - 2 = -2*r - 4*t, -3*r + t = -10. What is the highest common divisor of 2 and r?
1
Let m be 0 - (-16 - (-12)/3). What is the greatest common divisor of 18 and m?
6
Let a be (-6)/15*(-29 + -1). Let x be -1 + (0 + a - -2). Let g be x - ((-1)/(-1))/1. Calculate the greatest common factor of 48 and g.
12
Let u(w) = -w**3 - 5*w**2 + 7*w + 14. Let y be u(-6). What is the greatest common factor of y and 28?
4
Suppose -f - 3 = -2*f, 0 = s + 2*f - 12. Calculate the highest common divisor of s and 54.
6
Suppose -q + 3*q - 10 = 0, -k = q - 7. Suppose -4*d + 0*s = -2*s - 6, 0 = -s - 1. Calculate the highest common divisor of k and d.
1
Let z be (24/20)/((-2)/(-5)). Let k = -1 + 6. Let x = k + -2. What is the highest common divisor of x and z?
3
Let v be (-116)/(-10) + (-4)/(-10). Suppose 2*q - v = q. Suppose 44 = 4*a - 4. Calculate the highest common factor of a and q.
12
Let i(j) = -4*j - 9. Let p be i(-8). What is the highest common factor of p and 207?
23
Let j(n) = -32*n - 6. Let i be j(-5). Ca